(x) = 3*x + 5. Let v(d) = 5*h(d) - 8*o(d). Give v(-6).
-11
Suppose 2*v + 31 = 43. Let r be 2*((-9)/v)/((-3)/8). Let h(m) = -m**3 + 9*m**2 - 8*m - 1. Calculate h(r).
-1
Suppose 0 = -0*v + v - 2. Suppose -3*o = 5*k - 22, 0 = -k - 0*k + 3*o - 10. Let r(a) = -a**k - 3*a**2 - a - v*a. What is r(-2)?
-10
Let j(a) = -8*a - 73. Let m(v) = -9*v - 84. Let z(l) = 8*j(l) - 7*m(l). Let k be 12/10*(0 + 5). Determine z(k).
-2
Suppose j = 3*a - 19, -2*a + 0 = -4*j - 26. Let t(i) = -i**3 - 4*i**2 + 6*i + 1. Give t(j).
-23
Let r(z) = 37 + 5*z**2 - 58 - 3*z + 26 - z**3 + 7*z. Suppose -6 = -3*b - k, -2*b - k = 4*k + 9. Let a be (-6)/b*(-1 - 2). Give r(a).
-7
Let z(b) = b**2 - 4*b - 5. Suppose 2*q = q + 2. Suppose -s + 2*m + 8 = -q*m, -m = -3*s + 13. Calculate z(s).
-5
Let v(d) be the first derivative of -d**2/2 + 10*d - 3. Let m(h) = -3*h - 1. Let f be m(1). Let j(l) = l + 9. Let p be j(f). Calculate v(p).
5
Let w(o) = o**3 + 95 - 2*o**3 - 6*o**2 - 187 + 88 - 5*o. Determine w(-5).
-4
Let l(r) = r**3 - 5*r**2 + 7. Let a(f) = -7*f - 198. Let v be a(-29). Give l(v).
7
Suppose -7*m + 88 = m. Let u = m - 17. Let p(o) = o**2 + 8*o + 6. What is p(u)?
-6
Let c(n) = 2*n + 1. Suppose x + 8 + 14 = -5*s, -4*x = s + 12. Determine c(x).
-3
Let b(n) = -3 - 4 + 5 + 4*n. Let k = -13 + 18. Determine b(k).
18
Suppose -12*s = -6*s + 612. Let k be (-2)/12 + s/36. Let m(i) = i**3 + 5*i**2 + 5*i + 2. Determine m(k).
5
Let l(g) = -g**2 - g - 1. Let c(m) = 4*m**2 - 11*m + 17. Let r(i) = -c(i) - 3*l(i). Determine r(11).
19
Let v be -1 - 2/(9/6 - 2). Suppose 0 = -4*n - 5*k + 15, 9 = v*k. Let i(b) = -b**3 - b - 1. Determine i(n).
-1
Let h(o) be the third derivative of 1/24*o**4 - o**3 + 15*o**2 + 0 + 0*o. What is h(5)?
-1
Let x be 0/(1/(-3) + 10/(-6)). Let b(p) be the first derivative of x*p**2 + 4 + 7/3*p**3 - p. What is b(-1)?
6
Let k(f) = 2*f + 4*f - 6*f + 2*f - 29. Let p be k(18). Let u(g) = -g**3 + 7*g**2 - 2*g + 4. Determine u(p).
-10
Let n be (1 + -1)*7/14. Let t(v) be the first derivative of -v**6/360 + v**4/24 - 19*v**3/3 - 3. Let o(s) be the third derivative of t(s). Calculate o(n).
1
Let m(f) = f**2 - 4*f - 7. Let g(u) = u + 14. Let d(l) = -l**3 - 13*l**2 + 14*l + 2. Let o be d(-14). Let i be 9/((4/(-2))/o). Let v be g(i). Calculate m(v).
-2
Let y(p) = 5*p**3 + 6*p**2 + 6*p + 2. Let m(d) = 4*d**3 + 6*d**2 + 6*d + 2. Let j(a) = -4*m(a) + 3*y(a). Give j(-5).
3
Let x(o) = -o**2 + 5*o + 27. Suppose 27*f = -18*f + 360. What is x(f)?
3
Let h(u) = -u**3 + 7*u**2 + u + 1. Let j = 28 - 31. Let q be j/2*(-12)/2. Let k be 69/q - 2/3. What is h(k)?
8
Let i(k) = -k**3 + 4*k**2 + 6*k - 6. Let s(t) be the first derivative of t**4/4 - 4*t**3/3 - 3*t**2 + 6*t + 25. Let h(d) = 5*i(d) + 4*s(d). Calculate h(5).
-1
Suppose 0*w - 25 = 5*n - 5*w, -4*w + 16 = 0. Let a be (2/4)/(5/30). Let m(b) = -6*b**2 + 0 + b - a*b - 1. What is m(n)?
-5
Suppose 3*m + 12 = 3. Let s(f) = f**2 + 3*f + 6. Let z(v) = 2*v**2 + 5*v + 13. Let k(j) = 5*s(j) - 2*z(j). Calculate k(m).
-2
Let s(g) = g**3 - 5*g**2 + 4. Suppose 2*p - 35 = -3*p. Suppose 42 = 7*q + p. Give s(q).
4
Let m(s) = 12*s - 1. Suppose 77*w = 72*w - 5. Determine m(w).
-13
Let t(l) = 10*l - 2. Suppose 35 + 45 = -40*n. What is t(n)?
-22
Let n be (-54)/81 - (-16)/(-3). Let h(v) = v**3 + 5*v**2 - 4*v + 7. Determine h(n).
-5
Let l(z) be the second derivative of z**5/60 - 3*z**4/8 + 4*z**3/3 + z**2 - 3*z. Let a(j) be the first derivative of l(j). Calculate a(8).
0
Let z(t) = 11*t - 2. Let f be 8/5 + (-6)/(-45)*3. What is z(f)?
20
Suppose -2 = -c, -2*a + 13 = 4*c - 3. Suppose 0 = -a*u + 6*u + 8. Let d(r) = r**2 + 3*r + 5. Give d(u).
9
Suppose 3*h - 61 = -64. Let s(i) = -11*i**3 - 2*i**2 - i. Give s(h).
10
Let v(x) = -x**3 - 3. Let t(l) = l**3 + 4. Let k(m) = -2*t(m) - 3*v(m). Suppose 1 + 2 = -3*a. Let s = a - -2. Calculate k(s).
2
Suppose 0 = -4*y + 16, 2*y - 20 = 5*g - 3*y. Let h(k) = 5*k**3 + k**2 - 4*k + 21. Let p(o) = 4*o**3 + o**2 - 3*o + 20. Let q(i) = -3*h(i) + 4*p(i). Give q(g).
17
Let o(l) = 192*l**2 - 67*l**2 - 65*l**2 - 8*l + l**3 + 6 - 66*l**2. Give o(7).
-1
Suppose 6*i = 10*i - 8. Let q(u) = 3*u**2 - 2*u**i - 2 + 3 - 3*u + u**3 + u**2. Calculate q(2).
11
Let v(j) be the first derivative of -2/3*j**3 + 0*j + 1/120*j**5 + 0*j**2 + 3/8*j**4 - 3. Let r(g) be the third derivative of v(g). Give r(-4).
5
Let h = 264 - 270. Let n(w) = -w**2 - 4*w + 13. Calculate n(h).
1
Let p be 0 + (-5 - -3) + 2. Let q(u) = 3*u - 9. Let h be q(4). Let f(m) = m**3 + p*m**2 - 6 + 7*m**2 + h*m - 2. Calculate f(-6).
10
Suppose 3*k = 2*h - 172, -8*k + 3*k - 2*h = 260. Let a be 1/4 - k/72. Let g(t) = -5*t**2 + 1. What is g(a)?
-4
Let i(r) be the first derivative of r**7/840 - r**6/360 + r**5/120 + 5*r**4/24 + 17*r**3/3 + 17. Let t(l) be the third derivative of i(l). Determine t(0).
5
Let l(s) = -2 + 4 - 399*s**2 + 398*s**2. Give l(2).
-2
Let t = 4 - -2. Let y be (-3 - (8 + -3))/(-2). Suppose 5*i = -4*q - 13, -t*i + 3*i - y*q = 11. Let a(c) = -2*c - 1. Determine a(i).
1
Let i(t) = -26*t - 2. Suppose 103*s + 12 = 97*s. Determine i(s).
50
Let r(p) = p**2 + 2*p - 6. Let y be r(2). Let n(g) = 7*g**2 + g - 2*g + 0*g**y. Suppose h + 1 = -0*h. Determine n(h).
8
Let z(q) = -4*q**2 + 14*q - 2. Let k(s) = 9*s**2 - 32*s + 3. Let c(u) = -2*k(u) - 5*z(u). Give c(5).
24
Let o be 14/(-4)*(-24)/42. Let t(u) = u**2 - o*u + u + 3*u - 3*u. What is t(-1)?
2
Let v(u) = -5*u**3 + 6*u**2 - 7*u + 4. Let c(j) = 11*j - j**2 + 2*j**2 + 1 - j**3 - 5*j - 7*j. Let h(k) = 6*c(k) - v(k). Let i be -2 - -2*1 - 0. Calculate h(i).
2
Let s(i) = -i**2 - 3*i - 1. Let t be (-4)/8*(-40)/(-4) - -2. Calculate s(t).
-1
Let o(r) = -4*r**2 - 7*r + 2. Let h(u) = -3*u**2 - 7*u + 1. Let p be (-3)/2 - (-60)/(-24). Let f(n) = p*o(n) + 5*h(n). What is f(6)?
-9
Let j(s) = s + s - 150 + s + 158 - s. Give j(-10).
-12
Let y(u) be the second derivative of -u**5/120 - u**4/24 - 5*u**3/6 - 6*u. Let n(o) be the second derivative of y(o). What is n(-1)?
0
Let p be -6*((-28)/8 - -3). Let z(h) = 2*h - 4*h - p + h**2 - 2*h + 2*h. Give z(4).
5
Let q be 21/(-7) + -3 - 0. Let i(n) = 2*n - n - 8 - 3*n. Calculate i(q).
4
Let i(l) be the third derivative of l**9/60480 - l**8/2240 + l**7/560 - l**6/360 + l**5/10 - 30*l**2. Let p(h) be the third derivative of i(h). What is p(8)?
6
Let u be (-9 + -6 + 14)/(-1). Let y(s) = -14*s**2 - 2*s + 1. Determine y(u).
-15
Let n(y) be the third derivative of -y**5/60 + 5*y**4/24 - 4*y**3/3 - y**2 - 1. Determine n(4).
-4
Let f = 16 - 14. Let x(v) = -f*v + 15 - v**3 + 2*v + 3*v**3 + 4*v + 3*v**2. Let o(u) = -3*u**3 - 5*u**2 - 7*u - 31. Let l(b) = -3*o(b) - 5*x(b). Calculate l(0).
18
Let d(t) = -t**3 - 9*t**2 - 6. Let g be ((-1)/(-20)*45)/(1/(-4)). Determine d(g).
-6
Let a(o) = o**3 + 9*o**2 + 8*o + 5. Let w be (-36)/7*14/(-3). Suppose 3*r + 0*r + w = 0. Calculate a(r).
5
Let c(a) = -5*a - 2. Let n(t) = -4*t - 9. Let z be n(-4). Let w be ((-3)/3)/((-1)/(5 - z)). Give c(w).
8
Let j(h) = 95*h + 4 - 3 - 97*h. Calculate j(-4).
9
Let k(b) = 6*b**3 - 4*b**2 + 3*b. Let g(h) = h**2 - h. Let w(f) = 4*g(f) + k(f). What is w(-1)?
-5
Let b = 596 + -600. Let u(v) = -v - 4. What is u(b)?
0
Let c = 135 - 134. Let h(s) = -3*s**3. Determine h(c).
-3
Let h(w) be the first derivative of -7*w - 2*w**3 - 4*w**2 - 40 + 1/4*w**4. Determine h(7).
-14
Let i be -50 + 53 - -1*2. Let l(f) be the third derivative of f**4/12 - 2*f**3/3 - 2*f**2. Calculate l(i).
6
Let a(l) = l**3 - l**2 - 5*l + 2. Let j be 4/(-22) - 1336/(-88). Suppose j = 4*x - x. Suppose 3*g - x = 4. Calculate a(g).
5
Let r(u) be the first derivative of u**4/2 - 17*u**3/3 + 9*u**2/2 - u - 31. Determine r(8).
7
Let j(z) = 1 + 3 + 1 + 3. Let n(k) = k. Let o(b) = -j(b) - 2*n(b). What is o(-7)?
6
Let i(v) = -2*v + 20. Let w be i(9). Suppose 7*l - 16 = -w. Let u(j) = -2*j**3 + j**2 - 2*j - 1. Determine u(l).
-17
Suppose 310*u = 316*u - 24. Let i(s) = 2*s**2 - 3*s - 6. Give i(u).
14
Let x(z) = -z**3 - 2*z**2 - 3*z - 2. Let m(q) = 4*q**3 + 10*q**2 + 12*q + 5. Let j(s) = -m(s) - 3*x(s). Calculate j(-3).
1
Let s(k) = -2 - 7941*k - 4 + k**2 + 7946*k. Calculate s(-8).
18
Let o(h) = -2*h**2 - 3*h. Suppose -4 = -3*t - l, 3*t = -l - 3*l + 16. Suppose 3*n + t*f + f - 75 = 0, 0 = -n + 3*f + 35. Let d = 24 - n. What is o(d)?
-2
Let x(r) = -7*r**3 + 7*r**2 - 29*r + 10. Let m(u) = -8*u**3 + 8*u**